{"id":2,"date":"2026-02-20T17:56:49","date_gmt":"2026-02-20T17:56:49","guid":{"rendered":"https:\/\/korppistudio.fi\/?page_id=2"},"modified":"2026-03-10T07:42:26","modified_gmt":"2026-03-10T07:42:26","slug":"sample-page","status":"publish","type":"page","link":"https:\/\/korppistudio.fi\/index.php\/sample-page\/","title":{"rendered":""},"content":{"rendered":"\n<div class=\"wp-block-uagb-advanced-heading uagb-block-0e4efcd9\"><h1 class=\"uagb-heading-text\">Modernit verkkosivut yrityksille \u2013 nopeasti ja selke\u00e4sti<\/h1><div class=\"uagb-separator\"><\/div><\/div>\n\n\n\n<div class=\"wp-block-uagb-container uagb-block-68e3f833 alignfull uagb-is-root-container\"><div class=\"uagb-container-inner-blocks-wrap\">\n<div class=\"wp-block-uagb-icon-list uagb-block-53a3e820\"><div class=\"uagb-icon-list__wrap\">\n<div class=\"wp-block-uagb-icon-list-child uagb-block-cd90e7a5\"><a target=\"_self\" aria-label=\"\" rel=\"noopener noreferrer\" href=\"#\"> <\/a><span class=\"uagb-icon-list__source-wrap\"><img decoding=\"async\" class=\"uagb-icon-list__source-image\" src=\"https:\/\/korppistudio.fi\/wp-content\/uploads\/2026\/03\/PHOTOSJHI.svg\" width=\"16\" height=\"15\" loading=\"lazy\" alt=\"\"\/><\/span><\/div>\n\n\n\n<div class=\"wp-block-uagb-icon-list-child uagb-block-4d8bc9b2\"><span class=\"uagb-icon-list__source-wrap\"><svg xmlns=\"https:\/\/www.w3.org\/2000\/svg\" viewBox=\"0 0 512 512\"><path d=\"M256 8C119.3 8 8 119.2 8 256c0 136.7 111.3 248 248 248s248-111.3 248-248C504 119.2 392.7 8 256 8zM33 256c0-32.3 6.9-63 19.3-90.7l106.4 291.4C84.3 420.5 33 344.2 33 256zm223 223c-21.9 0-43-3.2-63-9.1l66.9-194.4 68.5 187.8c.5 1.1 1 2.1 1.6 3.1-23.1 8.1-48 12.6-74 12.6zm30.7-327.5c13.4-.7 25.5-2.1 25.5-2.1 12-1.4 10.6-19.1-1.4-18.4 0 0-36.1 2.8-59.4 2.8-21.9 0-58.7-2.8-58.7-2.8-12-.7-13.4 17.7-1.4 18.4 0 0 11.4 1.4 23.4 2.1l34.7 95.2L200.6 393l-81.2-241.5c13.4-.7 25.5-2.1 25.5-2.1 12-1.4 10.6-19.1-1.4-18.4 0 0-36.1 2.8-59.4 2.8-4.2 0-9.1-.1-14.4-.3C109.6 73 178.1 33 256 33c58 0 110.9 22.2 150.6 58.5-1-.1-1.9-.2-2.9-.2-21.9 0-37.4 19.1-37.4 39.6 0 18.4 10.6 33.9 21.9 52.3 8.5 14.8 18.4 33.9 18.4 61.5 0 19.1-7.3 41.2-17 72.1l-22.2 74.3-80.7-239.6zm81.4 297.2l68.1-196.9c12.7-31.8 17-57.2 17-79.9 0-8.2-.5-15.8-1.5-22.9 17.4 31.8 27.3 68.2 27.3 107 0 82.3-44.6 154.1-110.9 192.7z\"><\/path><\/svg><\/span><\/div>\n\n\n\n<div class=\"wp-block-uagb-icon-list-child uagb-block-a18a6825\"><span class=\"uagb-icon-list__source-wrap\"><img decoding=\"async\" class=\"uagb-icon-list__source-image\" src=\"https:\/\/korppistudio.fi\/wp-content\/uploads\/2026\/03\/ChatGPT-Logo.svg\" width=\"16\" height=\"16\" loading=\"lazy\" alt=\"\"\/><\/span><\/div>\n\n\n\n<div class=\"wp-block-uagb-icon-list-child uagb-block-b790ab9e\"><span class=\"uagb-icon-list__source-wrap\"><img decoding=\"async\" class=\"uagb-icon-list__source-image\" src=\"https:\/\/korppistudio.fi\/wp-content\/uploads\/2026\/03\/figma-logo-svgrepo-com.svg\" width=\"16\" height=\"16\" loading=\"lazy\" alt=\"\"\/><\/span><\/div>\n\n\n\n<div class=\"wp-block-uagb-icon-list-child uagb-block-30fca45e\"><span class=\"uagb-icon-list__source-wrap\"><img decoding=\"async\" class=\"uagb-icon-list__source-image\" src=\"https:\/\/korppistudio.fi\/wp-content\/uploads\/2026\/03\/logo-python.svg\" width=\"16\" height=\"16\" loading=\"lazy\" alt=\"\"\/><\/span><\/div>\n\n\n\n<div class=\"wp-block-uagb-icon-list-child uagb-block-9c3af3dc\"><span class=\"uagb-icon-list__source-wrap\"><img decoding=\"async\" class=\"uagb-icon-list__source-image\" src=\"https:\/\/korppistudio.fi\/wp-content\/uploads\/2026\/03\/seo.svg\" width=\"16\" height=\"16\" loading=\"lazy\" alt=\"\"\/><\/span><\/div>\n\n\n\n<div class=\"wp-block-uagb-icon-list-child uagb-block-fa274650\"><span class=\"uagb-icon-list__source-wrap\"><img decoding=\"async\" class=\"uagb-icon-list__source-image\" src=\"https:\/\/korppistudio.fi\/wp-content\/uploads\/2026\/03\/tailwind-css.svg\" width=\"16\" height=\"16\" loading=\"lazy\" alt=\"\"\/><\/span><\/div>\n\n\n\n<div class=\"wp-block-uagb-icon-list-child uagb-block-a3490704\"><span class=\"uagb-icon-list__source-wrap\"><svg xmlns=\"https:\/\/www.w3.org\/2000\/svg\" viewBox=\"0 0 512 512\"><path d=\"M256 0C114.6 0 0 114.6 0 256c0 141.4 114.6 256 256 256s256-114.6 256-256C512 114.6 397.4 0 256 0zM406.6 278.6l-103.1 103.1c-12.5 12.5-32.75 12.5-45.25 0s-12.5-32.75 0-45.25L306.8 288H128C110.3 288 96 273.7 96 256s14.31-32 32-32h178.8l-49.38-49.38c-12.5-12.5-12.5-32.75 0-45.25s32.75-12.5 45.25 0l103.1 103.1C414.6 241.3 416 251.1 416 256C416 260.9 414.6 270.7 406.6 278.6z\"><\/path><\/svg><\/span><span class=\"uagb-icon-list__label\">List item<\/span><\/div>\n\n\n\n<div class=\"wp-block-uagb-icon-list-child uagb-block-07a9aa30\"><span class=\"uagb-icon-list__source-wrap\"><svg xmlns=\"https:\/\/www.w3.org\/2000\/svg\" viewBox=\"0 0 512 512\"><path d=\"M256 0C114.6 0 0 114.6 0 256c0 141.4 114.6 256 256 256s256-114.6 256-256C512 114.6 397.4 0 256 0zM406.6 278.6l-103.1 103.1c-12.5 12.5-32.75 12.5-45.25 0s-12.5-32.75 0-45.25L306.8 288H128C110.3 288 96 273.7 96 256s14.31-32 32-32h178.8l-49.38-49.38c-12.5-12.5-12.5-32.75 0-45.25s32.75-12.5 45.25 0l103.1 103.1C414.6 241.3 416 251.1 416 256C416 260.9 414.6 270.7 406.6 278.6z\"><\/path><\/svg><\/span><span class=\"uagb-icon-list__label\">List item<\/span><\/div>\n<\/div><\/div>\n<\/div><\/div>\n\n\n\n<p class=\"has-ast-global-color-6-background-color has-background\"><\/p>\n\n\n\n<div class=\"wp-block-uagb-container uagb-block-291c5e01 alignfull uagb-is-root-container\"><div class=\"uagb-container-inner-blocks-wrap\"><\/div><\/div>\n\n\n\n<div class=\"wp-block-uagb-container uagb-block-df106491 alignfull uagb-is-root-container\">\n<div class=\"wp-block-uagb-container uagb-block-dbbbb3dd\">\n<figure class=\"wp-block-image size-full\"><img decoding=\"async\" src=\"https:\/\/korppistudio.fi\/wp-content\/uploads\/2026\/03\/asdqwe.avif\" alt=\"\" class=\"wp-image-100\"\/><\/figure>\n<\/div>\n\n\n\n<div class=\"wp-block-uagb-container uagb-block-a148f522\">\n<div data-aos= \"slide-down\" data-aos-duration=\"400\" data-aos-delay=\"0\" data-aos-easing=\"ease\" data-aos-once=\"true\" class=\"wp-block-uagb-advanced-heading uagb-block-fe6148df\"><h2 class=\"uagb-heading-text\">Rakennan yrityksille selke\u00e4t ja toimivat verkkosivut, jotka n\u00e4ytt\u00e4v\u00e4t hyv\u00e4lt\u00e4 kaikilla laitteilla ja l\u00f6ytyv\u00e4t helposti Googlesta.<br>Hyv\u00e4t verkkosivut eiv\u00e4t ole vain k\u00e4yntikortti \u2013 ne tuovat uusia asiakkaita<\/h2><\/div>\n<\/div>\n<\/div>\n\n\n\n<div class=\"wp-block-uagb-container uagb-block-dde3edcf alignfull uagb-is-root-container\"><div class=\"uagb-container-inner-blocks-wrap\"><\/div><\/div>\n\n\n\n<div class=\"wp-block-uagb-container uagb-block-a7c84c13 alignfull uagb-is-root-container\"><div class=\"uagb-container-inner-blocks-wrap\"><\/div><\/div>\n\n\n\n<div class=\"wp-block-uagb-container uagb-block-aa932574 alignfull uagb-is-root-container\"><div class=\"uagb-container-inner-blocks-wrap\"><\/div><\/div>\n\n\n\n<div class=\"wp-block-uagb-container uagb-block-3f9643d1 alignwide uagb-is-root-container\">\n<div class=\"wp-block-uagb-container uagb-block-a4cce100\">\n<figure class=\"wp-block-image size-large\"><img loading=\"lazy\" decoding=\"async\" width=\"687\" height=\"1024\" src=\"https:\/\/korppistudio.fi\/wp-content\/uploads\/2026\/03\/kuva1-687x1024.jpg\" alt=\"\" class=\"wp-image-46\" style=\"aspect-ratio:0.6709149933870386\" srcset=\"https:\/\/korppistudio.fi\/wp-content\/uploads\/2026\/03\/kuva1-687x1024.jpg 687w, https:\/\/korppistudio.fi\/wp-content\/uploads\/2026\/03\/kuva1-201x300.jpg 201w, https:\/\/korppistudio.fi\/wp-content\/uploads\/2026\/03\/kuva1-768x1144.jpg 768w, https:\/\/korppistudio.fi\/wp-content\/uploads\/2026\/03\/kuva1.jpg 784w\" sizes=\"auto, (max-width: 687px) 100vw, 687px\" \/><\/figure>\n\n\n\n<div class=\"wp-block-uagb-buttons uagb-buttons__outer-wrap uagb-btn__default-btn uagb-btn-tablet__default-btn uagb-btn-mobile__default-btn uagb-block-240584d1\"><div class=\"uagb-buttons__wrap uagb-buttons-layout-wrap \">\n<div class=\"wp-block-uagb-buttons-child uagb-buttons__outer-wrap uagb-block-2b3f919c wp-block-button\"><div class=\"uagb-button__wrapper\"><a class=\"uagb-buttons-repeater wp-block-button__link\" aria-label=\"\" href=\"#\" rel=\"follow noopener\" target=\"_self\" role=\"button\"><div class=\"uagb-button__link\">599\u20ac 0alv<\/div><\/a><\/div><\/div>\n<\/div><\/div>\n<\/div>\n\n\n\n<div class=\"wp-block-uagb-container uagb-block-ab194f1e\">\n<figure class=\"wp-block-image size-large\"><img loading=\"lazy\" decoding=\"async\" width=\"687\" height=\"1024\" src=\"https:\/\/korppistudio.fi\/wp-content\/uploads\/2026\/03\/kuva1-1-687x1024.jpg\" alt=\"\" class=\"wp-image-49\" style=\"aspect-ratio:0.6709018036072144\" srcset=\"https:\/\/korppistudio.fi\/wp-content\/uploads\/2026\/03\/kuva1-1-687x1024.jpg 687w, https:\/\/korppistudio.fi\/wp-content\/uploads\/2026\/03\/kuva1-1-201x300.jpg 201w, https:\/\/korppistudio.fi\/wp-content\/uploads\/2026\/03\/kuva1-1-768x1144.jpg 768w, https:\/\/korppistudio.fi\/wp-content\/uploads\/2026\/03\/kuva1-1.jpg 784w\" sizes=\"auto, (max-width: 687px) 100vw, 687px\" \/><\/figure>\n\n\n\n<div class=\"wp-block-uagb-buttons uagb-buttons__outer-wrap uagb-btn__default-btn uagb-btn-tablet__default-btn uagb-btn-mobile__default-btn uagb-block-0d9d1489\"><div class=\"uagb-buttons__wrap uagb-buttons-layout-wrap \">\n<div class=\"wp-block-uagb-buttons-child uagb-buttons__outer-wrap uagb-block-f65e19db wp-block-button\"><div class=\"uagb-button__wrapper\"><a class=\"uagb-buttons-repeater wp-block-button__link\" aria-label=\"\" href=\"#\" rel=\"follow noopener\" target=\"_self\" role=\"button\"><div class=\"uagb-button__link\">799\u20ac 0alv<\/div><\/a><\/div><\/div>\n<\/div><\/div>\n<\/div>\n\n\n\n<div class=\"wp-block-uagb-container uagb-block-413c82e1\">\n<figure class=\"wp-block-image size-large\"><img loading=\"lazy\" decoding=\"async\" width=\"687\" height=\"1024\" src=\"https:\/\/korppistudio.fi\/wp-content\/uploads\/2026\/03\/kuva1-2-687x1024.jpg\" alt=\"\" class=\"wp-image-50\" style=\"aspect-ratio:0.6709018036072144\" srcset=\"https:\/\/korppistudio.fi\/wp-content\/uploads\/2026\/03\/kuva1-2-687x1024.jpg 687w, https:\/\/korppistudio.fi\/wp-content\/uploads\/2026\/03\/kuva1-2-201x300.jpg 201w, https:\/\/korppistudio.fi\/wp-content\/uploads\/2026\/03\/kuva1-2-768x1144.jpg 768w, https:\/\/korppistudio.fi\/wp-content\/uploads\/2026\/03\/kuva1-2.jpg 784w\" sizes=\"auto, (max-width: 687px) 100vw, 687px\" \/><\/figure>\n\n\n\n<div class=\"wp-block-uagb-buttons uagb-buttons__outer-wrap uagb-btn__default-btn uagb-btn-tablet__default-btn uagb-btn-mobile__default-btn uagb-block-89eb2a91\"><div class=\"uagb-buttons__wrap uagb-buttons-layout-wrap \">\n<div class=\"wp-block-uagb-buttons-child uagb-buttons__outer-wrap uagb-block-4bbbd571 wp-block-button\"><div class=\"uagb-button__wrapper\"><a class=\"uagb-buttons-repeater wp-block-button__link\" aria-label=\"\" href=\"#\" rel=\"follow noopener\" target=\"_self\" role=\"button\"><div class=\"uagb-button__link\">1400\u20ac 0alv<\/div><\/a><\/div><\/div>\n<\/div><\/div>\n<\/div>\n<\/div>\n","protected":false},"excerpt":{"rendered":"<p>Modernit verkkosivut yrityksille \u2013 nopeasti ja selke\u00e4sti Rakennan yrityksille selke\u00e4t ja toimivat verkkosivut, jotka n\u00e4ytt\u00e4v\u00e4t hyv\u00e4lt\u00e4 kaikilla laitteilla ja l\u00f6ytyv\u00e4t [&hellip;]<\/p>\n","protected":false},"author":1,"featured_media":0,"parent":0,"menu_order":0,"comment_status":"closed","ping_status":"open","template":"","meta":{"_uag_custom_page_level_css":"","site-sidebar-layout":"default","site-content-layout":"","ast-site-content-layout":"default","site-content-style":"default","site-sidebar-style":"default","ast-global-header-display":"","ast-banner-title-visibility":"","ast-main-header-display":"","ast-hfb-above-header-display":"","ast-hfb-below-header-display":"","ast-hfb-mobile-header-display":"","site-post-title":"","ast-breadcrumbs-content":"","ast-featured-img":"","footer-sml-layout":"","ast-disable-related-posts":"","theme-transparent-header-meta":"","adv-header-id-meta":"","stick-header-meta":"","header-above-stick-meta":"","header-main-stick-meta":"","header-below-stick-meta":"","astra-migrate-meta-layouts":"default","ast-page-background-enabled":"default","ast-page-background-meta":{"desktop":{"background-color":"var(--ast-global-color-5)","background-image":"","background-repeat":"repeat","background-position":"center center","background-size":"auto","background-attachment":"scroll","background-type":"","background-media":"","overlay-type":"","overlay-color":"","overlay-opacity":"","overlay-gradient":""},"tablet":{"background-color":"","background-image":"","background-repeat":"repeat","background-position":"center center","background-size":"auto","background-attachment":"scroll","background-type":"","background-media":"","overlay-type":"","overlay-color":"","overlay-opacity":"","overlay-gradient":""},"mobile":{"background-color":"","background-image":"","background-repeat":"repeat","background-position":"center center","background-size":"auto","background-attachment":"scroll","background-type":"","background-media":"","overlay-type":"","overlay-color":"","overlay-opacity":"","overlay-gradient":""}},"ast-content-background-meta":{"desktop":{"background-color":"var(--ast-global-color-4)","background-image":"","background-repeat":"repeat","background-position":"center center","background-size":"auto","background-attachment":"scroll","background-type":"","background-media":"","overlay-type":"","overlay-color":"","overlay-opacity":"","overlay-gradient":""},"tablet":{"background-color":"var(--ast-global-color-4)","background-image":"","background-repeat":"repeat","background-position":"center center","background-size":"auto","background-attachment":"scroll","background-type":"","background-media":"","overlay-type":"","overlay-color":"","overlay-opacity":"","overlay-gradient":""},"mobile":{"background-color":"var(--ast-global-color-4)","background-image":"","background-repeat":"repeat","background-position":"center center","background-size":"auto","background-attachment":"scroll","background-type":"","background-media":"","overlay-type":"","overlay-color":"","overlay-opacity":"","overlay-gradient":""}},"footnotes":""},"class_list":["post-2","page","type-page","status-publish","hentry"],"uagb_featured_image_src":{"full":false,"thumbnail":false,"medium":false,"medium_large":false,"large":false,"1536x1536":false,"2048x2048":false},"uagb_author_info":{"display_name":"admin","author_link":"https:\/\/korppistudio.fi\/index.php\/author\/korppis2\/"},"uagb_comment_info":0,"uagb_excerpt":"Modernit verkkosivut yrityksille \u2013 nopeasti ja selke\u00e4sti Rakennan yrityksille selke\u00e4t ja toimivat verkkosivut, jotka n\u00e4ytt\u00e4v\u00e4t hyv\u00e4lt\u00e4 kaikilla laitteilla ja l\u00f6ytyv\u00e4t [&hellip;]","_links":{"self":[{"href":"https:\/\/korppistudio.fi\/index.php\/wp-json\/wp\/v2\/pages\/2","targetHints":{"allow":["GET"]}}],"collection":[{"href":"https:\/\/korppistudio.fi\/index.php\/wp-json\/wp\/v2\/pages"}],"about":[{"href":"https:\/\/korppistudio.fi\/index.php\/wp-json\/wp\/v2\/types\/page"}],"author":[{"embeddable":true,"href":"https:\/\/korppistudio.fi\/index.php\/wp-json\/wp\/v2\/users\/1"}],"replies":[{"embeddable":true,"href":"https:\/\/korppistudio.fi\/index.php\/wp-json\/wp\/v2\/comments?post=2"}],"version-history":[{"count":58,"href":"https:\/\/korppistudio.fi\/index.php\/wp-json\/wp\/v2\/pages\/2\/revisions"}],"predecessor-version":[{"id":129,"href":"https:\/\/korppistudio.fi\/index.php\/wp-json\/wp\/v2\/pages\/2\/revisions\/129"}],"wp:attachment":[{"href":"https:\/\/korppistudio.fi\/index.php\/wp-json\/wp\/v2\/media?parent=2"}],"curies":[{"name":"wp","href":"https:\/\/api.w.org\/{rel}","templated":true}]}}